{"id":2,"date":"2012-06-27T20:08:14","date_gmt":"2012-06-27T20:08:14","guid":{"rendered":"http:\/\/www.montejo.biz\/blog\/?page_id=2"},"modified":"2017-04-30T10:08:57","modified_gmt":"2017-04-30T09:08:57","slug":"sample-page","status":"publish","type":"page","link":"https:\/\/www.montejo.biz\/blog\/sample-page\/","title":{"rendered":"Acerca de"},"content":{"rendered":"<div id=\"post-entry-excerpt-2\" class=\"entry-part\"><p><a href=\"http:\/\/www.montejo.biz\/blog\/wp-content\/uploads\/2012\/06\/autor_16.jpg\"><img loading=\"lazy\" decoding=\"async\" class=\"alignleft size-medium wp-image-1537\" title=\"autor_16\" src=\"http:\/\/www.montejo.biz\/blog\/wp-content\/uploads\/2012\/06\/autor_16-300x61.jpg\" alt=\"\" width=\"300\" height=\"61\" srcset=\"https:\/\/www.montejo.biz\/blog\/wp-content\/uploads\/2012\/06\/autor_16-300x61.jpg 300w, https:\/\/www.montejo.biz\/blog\/wp-content\/uploads\/2012\/06\/autor_16.jpg 316w\" sizes=\"auto, (max-width: 300px) 100vw, 300px\" \/><\/a><\/p>\n<p>&nbsp;<\/p>\n<p>&nbsp;<\/p>\n<p>Burgal\u00e9s de nacimiento, mantiene la p\u00e1gina www.seguridadeninternet.net y el blog asociado a ella. Licenciado en Inform\u00e1tica por la Universidad de Deusto y M\u00e1ster en Seguridad Inform\u00e1tica por la Universidad Internacional de La Rioja (UNIR), ha realizado colaboraciones en Rioja2 desde la Campus Party de Valencia y en la revista de seguridad inform\u00e1tica HAKIN9 como corrector y beta tester. Autor de varios cursos de elearning para adrformacion.com, entre los que destacan Internet, Seguridad en internet, Windows XP, Firma electr\u00f3nica, Dise\u00f1o gr\u00e1fico con software libre, WordPress e Internet 2.0 Utilidades. Tambi\u00e9n colabor\u00f3 en el directorio dmoz.org, en la secci\u00f3n Seguridad en internet. Sus intereses versan sobre nuevas tecnolog\u00edas, en particular internet y seguridad inform\u00e1tica.<\/p>\n\n\t\t\t\t\t\t\t<p style=\" color: #999999;\">If you found an error, highlight it and press <strong>Shift + E<\/strong> or <a href=\"#\" class=\"enp-report\"><strong>pulsa aqu\u00ed<\/strong><\/a> to inform us.<\/p>\n\t\t\t\t\t\t<\/div><div id=\"post-footer-2\" class=\"post-footer clear\"><\/div>","protected":false},"excerpt":{"rendered":"<div class=\"mh-excerpt\"><p>&nbsp; &nbsp; Burgal\u00e9s de nacimiento, mantiene la p\u00e1gina www.seguridadeninternet.net y el blog asociado a ella. Licenciado en Inform\u00e1tica por la Universidad de Deusto y M\u00e1ster <a class=\"mh-excerpt-more\" href=\"https:\/\/www.montejo.biz\/blog\/sample-page\/\" title=\"Acerca de\">[&#8230;]<\/a><\/p>\n<\/div>","protected":false},"author":1,"featured_media":0,"parent":0,"menu_order":0,"comment_status":"open","ping_status":"open","template":"","meta":{"_exactmetrics_skip_tracking":false,"_exactmetrics_sitenote_active":false,"_exactmetrics_sitenote_note":"","_exactmetrics_sitenote_category":0,"footnotes":""},"class_list":["post-2","page","type-page","status-publish","hentry"],"_links":{"self":[{"href":"https:\/\/www.montejo.biz\/blog\/wp-json\/wp\/v2\/pages\/2","targetHints":{"allow":["GET"]}}],"collection":[{"href":"https:\/\/www.montejo.biz\/blog\/wp-json\/wp\/v2\/pages"}],"about":[{"href":"https:\/\/www.montejo.biz\/blog\/wp-json\/wp\/v2\/types\/page"}],"author":[{"embeddable":true,"href":"https:\/\/www.montejo.biz\/blog\/wp-json\/wp\/v2\/users\/1"}],"replies":[{"embeddable":true,"href":"https:\/\/www.montejo.biz\/blog\/wp-json\/wp\/v2\/comments?post=2"}],"version-history":[{"count":10,"href":"https:\/\/www.montejo.biz\/blog\/wp-json\/wp\/v2\/pages\/2\/revisions"}],"predecessor-version":[{"id":6605,"href":"https:\/\/www.montejo.biz\/blog\/wp-json\/wp\/v2\/pages\/2\/revisions\/6605"}],"wp:attachment":[{"href":"https:\/\/www.montejo.biz\/blog\/wp-json\/wp\/v2\/media?parent=2"}],"curies":[{"name":"wp","href":"https:\/\/api.w.org\/{rel}","templated":true}]}}